 47495477 a prime number?
True
Is 27320627 prime?
True
Is 160514371 a prime number?
False
Is 7863917 composite?
True
Is 139427 composite?
True
Is 2291327 a prime number?
True
Is 2442151 a composite number?
False
Is 1119413 a prime number?
False
Is 6806197 composite?
True
Is 1755553 composite?
False
Is 2335793 composite?
True
Is 1798697 composite?
False
Is 4944809 prime?
False
Is 270785863 a prime number?
False
Is 4558019 a composite number?
False
Is 4382381 composite?
False
Is 100459153 composite?
False
Is 2265941 a composite number?
False
Is 2823193 prime?
True
Is 3291647 a composite number?
False
Is 25910219 composite?
True
Is 6168523 composite?
False
Is 38723339 a composite number?
False
Is 13813279 a prime number?
False
Is 3984403 a composite number?
False
Is 6566561 a composite number?
True
Is 7568299 composite?
True
Is 11416903 prime?
True
Is 106358081 prime?
True
Is 1763927 prime?
False
Is 2041217 a prime number?
False
Is 191365 composite?
True
Is 170838307 composite?
True
Is 1695443 a prime number?
False
Is 122173031 a prime number?
True
Is 45179731 prime?
True
Is 75881681 a prime number?
True
Is 15787589 prime?
True
Is 134445023 prime?
True
Is 125437303 composite?
False
Is 13480283 a prime number?
True
Is 1486042057 a prime number?
True
Is 382657241 composite?
False
Is 6280277 a composite number?
True
Is 10953079 a prime number?
False
Is 21442319 a composite number?
False
Is 173879029 prime?
True
Is 27297253 prime?
False
Is 71303909 prime?
True
Is 195403177 composite?
False
Is 13838623 a prime number?
False
Is 345781 a composite number?
True
Is 3189889 prime?
True
Is 59839343 prime?
True
Is 181819271 a prime number?
True
Is 847201379 a composite number?
True
Is 2310159 prime?
False
Is 191339 a composite number?
False
Is 5538887 composite?
False
Is 609974051 a composite number?
False
Is 5721923 prime?
False
Is 105167 composite?
False
Is 17937655 a composite number?
True
Is 10621907 prime?
False
Is 33300055 a composite number?
True
Is 278418941 prime?
True
Is 243497029 composite?
False
Is 39355787 composite?
False
Is 1934454185 a prime number?
False
Is 416459 a prime number?
True
Is 974849 prime?
True
Is 398736913 prime?
True
Is 77505347 a composite number?
False
Is 4866443 prime?
True
Is 6015619 a prime number?
True
Is 54559229 a composite number?
False
Is 115411057 composite?
False
Is 5038501 composite?
True
Is 1655398 prime?
False
Is 420990263 composite?
True
Is 1011137 a composite number?
False
Is 3333593 a prime number?
True
Is 3295801 prime?
False
Is 61408829 composite?
False
Is 137508829 composite?
False
Is 30663791 composite?
True
Is 5537513 prime?
False
Is 298486987 composite?
True
Is 65702389 a composite number?
False
Is 33745441 composite?
True
Is 6288383 a composite number?
True
Is 528792779 prime?
True
Is 1690111 composite?
True
Is 3645049 a prime number?
True
Is 36655897 a prime number?
False
Is 17036323 a composite number?
False
Is 497318993 a prime number?
True
Is 230506559 composite?
True
Is 7885201 composite?
False
Is 593973643 composite?
True
Is 17432551 prime?
False
Is 47563 a composite number?
False
Is 10741543 a prime number?
True
Is 83589257 a composite number?
False
Is 1806859 prime?
True
Is 1058220073 composite?
False
Is 91325363 prime?
False
Is 12961907 a prime number?
False
Is 68624383 composite?
False
Is 755509 composite?
False
Is 6799861 prime?
True
Is 100083923 prime?
False
Is 4401023 a prime number?
False
Is 118252997 a prime number?
True
Is 460879505 prime?
False
Is 211666799 a prime number?
True
Is 15205103 composite?
True
Is 1917731 composite?
False
Is 24874601 a composite number?
True
Is 400189211 a composite number?
False
Is 431045 prime?
False
Is 50408005 composite?
True
Is 8000261 a composite number?
False
Is 2682853 composite?
False
Is 6406069 prime?
False
Is 3965197 a prime number?
True
Is 150101243 composite?
True
Is 5619779 prime?
False
Is 2065577977 composite?
False
Is 138042617 prime?
True
Is 1580309 a composite number?
False
Is 154648157 a prime number?
True
Is 15849987 composite?
True
Is 2637179 a prime number?
False
Is 2892082 prime?
False
Is 811894 prime?
False
Is 491701697 a prime number?
True
Is 3545767 prime?
True
Is 42300359 a prime number?
True
Is 123692539 composite?
True
Is 1083636467 a composite number?
True
Is 35201 a composite number?
False
Is 810089 a prime number?
False
Is 457141639 a prime number?
True
Is 6540953 a composite number?
False
Is 1486151 composite?
True
Is 19176671 a composite number?
False
Is 25022343 prime?
False
Is 1934327 a prime number?
True
Is 2125097 a prime number?
False
Is 430231021 composite?
True
Is 525131257 composite?
True
Is 44886619 a composite number?
False
Is 26202511 a prime number?
False
Is 4833821 composite?
False
Is 668319835 prime?
False
Is 168057511 prime?
False
Is 148505821 composite?
False
Is 1243169 composite?
False
Is 3276181 composite?
False
Is 2605909 a composite number?
False
Is 103298551 composite?
True
Is 21196103 a composite number?
False
Is 724463 prime?
False
Is 2809127 prime?
False
Is 45962429 a composite number?
True
Is 12401429 a composite number?
False
Is 333737461 a composite number?
False
Is 1829519 a prime number?
True
Is 60057463 a composite number?
True
Is 3840251 a composite number?
True
Is 40813181 a prime number?
False
Is 1369471 a prime number?
False
Is 46427237 a composite number?
False
Is 16238797 a prime number?
True
Is 1974851 a prime number?
True
Is 141807157 a composite number?
True
Is 2082401 a composite number?
True
Is 772752949 composite?
False
Is 35951519 composite?
True
Is 4305361 a composite number?
False
Is 1221087347 a prime number?
False
Is 3178943 a composite number?
False
Is 2907854 a composite number?
True
Is 19947209 a composite number?
False
Is 18450511 a composite number?
True
Is 18125573 prime?
True
Is 42971381 composite?
False
Is 112512529 prime?
True
Is 3373903 a prime number?
False
Is 278581 a composite number?
False
Is 56495917 a composite number?
False
Is 19644439 a prime number?
False
Is 7539965 composite?
True
Is 2208257 a composite number?
False
Is 1965386 a composite number?
True
Is 1051380041 a composite number?
True
Is 72810493 a composite number?
True
Is 147316379 prime?
False
Is 8278577 composite?
False
Is 409769 a composite number?
False
Is 19267111 prime?
True
Is 1003925209 composite?
True
Is 11039845 a composite number?
True
Is 3323311 a composite number?
False
Is 6696941 composite?
True
Is 78906451 a composite number?
True
Is 2569501 prime?
False
Is 175602967 prime?
True
Is 100958573 a prime number?
True
Is 206039 prime?
True
Is 5851537 a prime number?
False
Is 2222611 a composite number?
False
Is 16967351 a prime number?
True
Is 405079967 prime?
False
Is 6676951 prime?
False
Is 2647111 a composite number?
False
Is 222999079 a prime number?
True
Is 1208189 composite?
False
Is 150071087 composite?
True
Is 15683429 a prime number?
False
Is 8676883 composite?
False
Is 60347435 a composite number?
True
Is 39995287 prime?
True
Is 512641 composite?
False
Is 2786279 a prime number?
False
Is 43717031 a composite number?
True
Is 20540557 a prime number?
True
Is 981427 a composite number?
True
Is 4259053 prime?
True
Is 1184987 composite?
False
Is 11212823 a composite number?
False
Is 1390163 a composite number?
True
Is 1836713 a composite number?
True
Is 2475761 composite?
True
Is 10715879 prime?
False
Is 29737901 composite?
False
Is 13046417 prime?
True
Is 810287 a composite number?
True
Is 1186867 a composite number?
True
Is 6697967 a prime number?
True
Is 600617 a prime number?
False
Is 3968137 a prime number?
True
Is 4122961 prime?
False
Is 13629487 prime?
True
Is 7380361 a prime number?
True
Is 2155253 a composite number?
False
Is 26644463 composite?
False
Is 26368387 a composite number?
True
Is 18626209 composite?
True
Is 24628861 prime?
True
Is 359201 a prime number?
False
Is 1277378429 prime?
True
Is 144315371 composite?
False
Is 17890729 prime?
False
Is 82254937 composite?
True
Is 14923715 a prime number?
False
Is 3743497 prime?
True
Is 31549873 a prime number?
True
Is 69636157 a prime number?
False
Is 1410659 a prime number?
False
Is 13989189 composite?
True
Is 2101231 prime?
False
Is 58975711 prime?
True
Is 1243243 composite?
True
Is 18982097 a composite number?
True
Is 333